 l. What is the tens digit of b?
0
Let h(c) = -37*c + 24. Let j be h(6). Let q(f) = f**3 - 18*f**2 + 7*f + 27. Let o be q(16). Let y = j - o. What is the units digit of y?
5
Let t = 29 + -28. Let a(c) = -t + c + 2 + 5*c. What is the units digit of a(9)?
5
Suppose -16*l + 12*l - 4370 = -5*q, 2*q = -3*l + 1748. Suppose d = m + 4*m - 1448, 2*d - q = -3*m. What is the hundreds digit of m?
2
Let j(b) = 15*b**2 + 6*b - 4. Let i = -109 - -104. What is the tens digit of j(i)?
4
Let t(g) = -g**3 + 10*g**2 - 11*g + 24. Let v be t(10). Let s = -145 - v. Let x = s - -75. What is the units digit of x?
6
Let h = 35 + -44. Let u(s) be the first derivative of -6*s**2 - 24*s - 29. What is the tens digit of u(h)?
8
Suppose -17 - 34 = -3*l. Suppose 22*r - 20 = l*r. Suppose a + b - 3 - 135 = 0, 3*a - 442 = r*b. What is the units digit of a?
2
Let y(c) = 38*c**3 - 20*c**2 + 4*c + 9. What is the thousands digit of y(8)?
8
Suppose 0 = -8*v - 1002 + 5322. What is the tens digit of v?
4
Suppose 47*x + 52*x - 120003 - 220953 = 0. What is the thousands digit of x?
3
Suppose 6*i - 5*i = -3*c + 185, 3*c = -4*i + 740. Suppose 0 = 4*h + 5*u - 539 - 76, -i = -h + 5*u. What is the hundreds digit of h?
1
Let d(q) = 2*q**3 - 212*q**2 - 142*q - 369. What is the units digit of d(107)?
5
Suppose 2*a - 154687 = k, -55*k - 154686 = -2*a - 53*k. What is the units digit of a?
4
Let k be (-12)/((-5)/(-20)*6). Let t be 4/((-16)/(-2060)) - k/4. Suppose 0 = -4*p - 4*h + 512, 4*p - h = -0*p + t. What is the hundreds digit of p?
1
Suppose 0 = -3*w + 9, 0 = -9*v + 7*v - 5*w + 315. Suppose -v = 2*c + 50. Let m = c + 209. What is the tens digit of m?
0
Let a(b) = -11*b**3 + 5*b**2 - 15*b - 44. What is the ten thousands digit of a(-10)?
1
Let g(t) = t**3 - 15*t**2 - 10*t - 37. Let r(f) = f**3 + f**2 - f + 18. Let n be r(0). Suppose -4*u = 4*z - u - 70, z = -u + n. What is the tens digit of g(z)?
5
What is the hundreds digit of 45/20*-4 + 10890?
8
What is the hundreds digit of ((-477)/371 + 2/7)*-7179?
1
Suppose 0 = 5*b - 5*h + 756 - 13276, -h = -4*b + 10001. What is the tens digit of b?
9
Let h(g) = 89*g + 891. What is the thousands digit of h(53)?
5
Suppose -14*d = -62*d + 39528 + 276984. What is the thousands digit of d?
6
Suppose 3*o + 0*o - 7 = -4*f, 5*f = -25. Let h(l) = l**2 - 4*l - 3. Let v be h(-2). Suppose -o*g + v = -6*g. What is the units digit of g?
3
Let g = 32618 - 31560. What is the hundreds digit of g?
0
Suppose -4*h + 28960 = -8*m + 7*m, h - 7240 = -4*m. What is the tens digit of h?
4
What is the thousands digit of 89 + -94 - (-2 + -39535)?
9
Let m be ((-22)/(-6))/((-37)/(-111)). Suppose -3*k = -m*k + 1976. What is the hundreds digit of k?
2
Let d(p) = 27*p - 28. Let n(o) = -27*o + 31. Let f(u) = 4*d(u) + 3*n(u). What is the hundreds digit of f(7)?
1
Let o(h) = 2*h**3 - 11*h**2 + 6*h - 6. Let d be o(5). Let y be 12/d*(2 - -3). What is the tens digit of (72/(-30))/(2/y + 0)?
7
Let b(u) = -68*u - 156. Let p be b(-9). Let o = 667 - p. What is the hundreds digit of o?
2
Let q(f) = -f**2 + 25*f - 247. Let o be q(12). Let j be ((-54)/(-5) - 2)*-5. Let h = j - o. What is the tens digit of h?
4
Suppose 1209 - 117 = 3*f. Suppose f = 3*p + 2*z, p - 4*p - 5*z + 352 = 0. Suppose 0 = -d + 5*d - 3*o - 114, -4*d - 2*o = -p. What is the units digit of d?
0
Suppose -157 = 6*k + 83. Let l = 43 + k. What is the units digit of ((-2)/(-3) + l)*21?
7
Suppose 202*s + 227403 + 140432 = 215*s. What is the ten thousands digit of s?
2
Let j(z) = 36*z + 9. What is the tens digit of j(46)?
6
Let x(j) = 51*j**2 - 98*j - 1310. What is the hundreds digit of x(-11)?
9
Suppose 5*j + 12 = 3*j. Let b(s) = -627*s + 294*s + 5 + 309*s. What is the tens digit of b(j)?
4
Suppose -4*k - 6 = 7*o - 5*o, -k - 14 = -2*o. Suppose o*v + 2*x + x = 2043, -5*x - 842 = -2*v. What is the units digit of v?
1
Let x be 2/11 - (-15561)/143. Let b = x - 320. Let p = b - -370. What is the units digit of p?
9
Let h(t) = t**3 - 3*t**2 - 5*t + 10. Suppose -6 = 2*k - 14. Let p be h(k). Suppose 0 = -p*c + 4*c + 108. What is the units digit of c?
4
What is the units digit of ((-1)/2)/(((-962)/1226472)/37)?
6
Let s(o) = o**3 - 2*o**2 + 2*o. Let u be s(2). Suppose 0 = q - 5*r + 23, -u*q + 13 = -2*r + 3*r. Suppose 301 - 25 = q*w. What is the tens digit of w?
3
Let o = 647 - 152. Suppose -7*d + 3*f + o = -4*d, 4*d - 670 = -f. What is the hundreds digit of d?
1
Let m(i) be the second derivative of i**3/2 - 7*i**2 + 3*i + 33. Let a = 26 - 14. What is the tens digit of m(a)?
2
Let i be (2 - 5)/((-15)/20). What is the tens digit of (-19 - (-3 + i))/(4/(-28))?
4
Let y be 1/((-2)/(-7))*(-280)/(-490). Let s(p) = 64 - 64 - 6*p**2 + 21*p**y - 4*p. What is the units digit of s(2)?
2
Let h = -993 - -1725. Let f = h - 305. What is the hundreds digit of f?
4
Suppose 2 + 2 = 2*h + 4*s, -h = 4*s - 2. Suppose c + 4*m + 759 = h*c, -3867 = -5*c + 2*m. What is the units digit of c?
5
Let c be 2/10 + -464*1/(-5). Let j = c - 98. What is the tens digit of -4 + 0 - 140/j?
2
Let w = 30 + -45. Let p be (168/36)/((-1)/w). Suppose p*t - 425 = 65*t. What is the tens digit of t?
8
Let p(a) = 115*a - 154. Let d be p(26). Suppose -5*x + 2826 + 704 = -5*k, -4*x + d = -k. What is the units digit of x?
0
Suppose -2*b = -13*b + 91322. Suppose -b = -4*o - 3*o. What is the thousands digit of o?
1
Let g = 20 + -18. Suppose 5*f - g*f = 15. Suppose -5*n + 3*n = v - 330, -3*v + 825 = f*n. What is the tens digit of n?
6
Suppose -5*i + 12 + 18 = 5*g, 2*i - 18 = -5*g. Suppose 265 = w + 2*o, g*o - 12 = -6. What is the tens digit of w?
5
Let y = -741 + 1641. Suppose 43*o - 39*o = y. What is the units digit of o?
5
Let u = 668 - 666. What is the tens digit of ((-3341)/(-26))/(u/4)?
5
Let v = 7296 - 4087. Suppose 5*y = -2*z + 4038, 5*y = 4*z + 805 + v. What is the units digit of y?
6
What is the hundreds digit of 10/((18/(-10161))/(-2))?
2
Let k be 3/12 + 622/8. Suppose -351 = -4*z + 337. Suppose -k*r - z = -82*r. What is the tens digit of r?
4
Suppose 36 = -3*l + 171. Let z = l + -38. What is the units digit of (z/((-21)/99) + 1)*-3?
6
Let i(u) = u**2 + 23*u + 4. Let a be i(-23). Suppose 3*c - 7*c + x + 30 = 0, -5*c = -a*x - 32. What is the units digit of 6/(-8) - (-846)/c - 3?
2
Let g = -213 - -57. Let v be (0 - -2)/((-3)/(g/(-8))). What is the tens digit of 424/20*(-3 - v)?
1
Let y(s) = -125*s**3 - 8*s**2 + 11*s + 21. What is the hundreds digit of y(-1)?
1
Let w be -2 + 5 - (3205/(-30) - 3/18). Let m(p) = p**2 + 4*p + 3. Let j be m(-3). Suppose 2*z - w - 38 = j. What is the units digit of z?
4
Let q be -135 + (25/5 - 6). Let b = q - -194. Suppose 494 = 4*x - b. What is the hundreds digit of x?
1
Suppose -19 = 8*r - 115. Suppose r*m + 2152 = 16*m. What is the tens digit of m?
3
Suppose -4*m + 28 = -2*m. Let j(k) = -20 + 23*k - 52*k + m*k. What is the units digit of j(-6)?
0
Suppose -9*w + 5*w = 32. What is the units digit of w/(-32)*-2*-16?
8
Let g(p) = 3*p**3 + 3*p**2 + 3*p + 6. Let o(w) = 3*w + 4. Let f be o(-2). Let u be g(f). Let q(z) = -z**2 - 29*z - 23. What is the tens digit of q(u)?
8
Suppose -2*j - 4*o + 524 = 0, 4*j - 1041 = -6*o + 5*o. Let b = 544 - j. What is the hundreds digit of b?
2
Let a be (548/9)/4 + 10/(-45). What is the hundreds digit of a/(30/1436) - -3?
7
Let r be (-25)/2 + (-3)/(-6). Let d(w) = -13 + 26 - 8 - 11 - 2*w + w**3 + 12*w**2. What is the tens digit of d(r)?
1
Suppose 177*d + 4*v - 78280 = 173*d, d - 19584 = 6*v. What is the tens digit of d?
7
Let f(z) = -1699*z**3 - 18*z**2 - 19*z - 2. What is the thousands digit of f(-1)?
1
What is the units digit of (834 - -14)/(3/30)?
0
Suppose 0 = 3*v + 2*p - 73 + 35, -5*p = -2*v + 38. Suppose 4*r + 5*h = 14, -3*h + 0*h - 24 = -3*r. Suppose -r*m + v*m - 1520 = 0. What is the tens digit of m?
9
Let x = 63826 + 17534. What is the units digit of x?
0
Let m(r) = 1808*r**3 - r**2 - 32*r + 76. What is the tens digit of m(2)?
7
What is the hundreds digit of 3/5 - (-378454)/85?
4
Suppose -7413*u = -7374*u - 684021. What is the thousands digit of u?
7
Suppose 3*x = 4*j - 6*j + 1, 0 = 3*x - 3*j - 21. Suppose 5*z - 711 = -0*q + 3*q, -x*z = q - 435. Let o = z + -101. What is the units digit of o?
3
What is the units digit of (1007/(-323) - -3) + (-2595651)/(-51)?
5
Let w(z) = z**3 - 6*z**2 + 6*z - 6. Let x be w(3). Let u = x +